{"id":18611,"date":"2026-01-21T11:39:49","date_gmt":"2026-01-21T10:39:49","guid":{"rendered":"https:\/\/iicdublino.esteri.it\/?page_id=18611"},"modified":"2026-01-21T15:39:10","modified_gmt":"2026-01-21T14:39:10","slug":"conversazioni-letterarie-allistituto-italiano-di-cultura-di-dublino-moderato-da-enrica-ferrara-tcd","status":"publish","type":"page","link":"https:\/\/iicdublino.esteri.it\/it\/lingua-e-cultura\/i-corsi-di-lingua\/conversazioni-letterarie-allistituto-italiano-di-cultura-di-dublino-moderato-da-enrica-ferrara-tcd\/","title":{"rendered":"Conversazioni Letterarie all\u2019Istituto Italiano di Cultura di Dublino \u2013 Moderato da Enrica Ferrara (TCD) &#8211; PRIMAVERA 2026"},"content":{"rendered":"<p>Durante il corso di<em><strong> Conversazioni Letterarie all\u2019Istituto Italiano di Cultura di Dublino, <\/strong><\/em>la<strong> moderatrice Enrica Ferrara <\/strong>(autrice e docente presso il Trinity College Dublin) guider\u00e0 i partecipanti nella lettura e analisi di <strong>4 libri di autori italiani. <\/strong><\/p>\n<p>Nel primo incontro, la moderatrice introdurr\u00e0 il libro e fornir\u00e0 alcune informazioni sul suo autore. In seguito, ogni partecipante avr\u00e0 la possibilit\u00e0 di leggere ad alta voce alcuni passaggi selezionati. Durante la lettura, la moderatrice evidenzier\u00e0 e spiegher\u00e0 aspetti grammaticali del libro preso in esame, la sua struttura linguistica e lessicale. I partecipanti saranno inoltre incoraggiati a fare domande sui punti del libro che hanno trovato pi\u00f9 interessanti nella lettura.<\/p>\n<p>Nel secondo incontro, ogni partecipante verr\u00e0 incoraggiato a discutere del libro e la moderatrice guider\u00e0 la conversazione ponendo domande sui personaggi, sullo stile dell&#8217;autore, sulla trama e infine sul significato dell&#8217;intero testo.<\/p>\n<p><span class=\"titoloRosso\">Il corso \u00e8 strutturato in 8 incontri di due ore ciascuno, per un totale di 16 ore. <strong>Gli incontri saranno dal vivo<\/strong>, presso i locali dell&#8217;Istituto dalle 18:30 alle 20:30 nelle date specificate. A seguire trovate il programma completo.<\/span><\/p>\n<p><span class=\"titoloRosso\">Il corso avr\u00e0 un minimo di 6 e un massimo di 20 studenti. Per potersi iscrivere, \u00e8 richiesto un livello avanzato della lingua italiana (B2+).<br \/>\n<\/span><\/p>\n<p>Durante l&#8217;anno, incontri con uno o pi\u00f9 scrittori i cui libri sono stati selezionati per il corso saranno organizzati dall&#8217;Istituto Italiano di Cultura.<\/p>\n<hr \/>\n<p>&nbsp;<\/p>\n<p><strong>PROGRAMMA &#8211; PRIMAVERA 2026<\/strong><\/p>\n<p><em>Tutti gli incontri si svolgeranno dalle 18:30 alle 20:30, nelle date specificate<\/em><\/p>\n<p>&nbsp;<\/p>\n<p><span style=\"text-decoration: underline;\">Mercoled\u00ec 11 e mercoled\u00ec 25 febbraio <\/span><\/p>\n<p><strong>Romana Petri<\/strong>, <em>La ragazza di Savannah &#8211; <\/em>Mondadori (2025)<\/p>\n<p>&nbsp;<\/p>\n<p><span style=\"text-decoration: underline;\">Mercoled\u00ec 18 marzo e mercoled\u00ec 1 aprile <\/span><\/p>\n<p><strong>Michele Ruol<\/strong>, <em>Inventario di quel che resta dopo che la foresta brucia &#8211;\u00a0<\/em>TerraRossa Edizioni (2024)<\/p>\n<p>&nbsp;<\/p>\n<p><span style=\"text-decoration: underline;\">Mercoled\u00ec 22 aprile e mercoled\u00ec 6 maggio<\/span><\/p>\n<p><strong>Donatella Di Pietrantonio<\/strong>, <em>L&#8217;et\u00e0 fragile &#8211;\u00a0<\/em>Einaudi (2023)<\/p>\n<p>&nbsp;<\/p>\n<p><span style=\"text-decoration: underline;\">Mercoled\u00ec 20 maggio e mercoled\u00ec\u00a010 giugno<\/span><\/p>\n<p><strong>Emanuela Anechoum<\/strong>,\u00a0<em>Tangerinn &#8211;\u00a0<\/em>E\/O (2024)<\/p>\n<p>&nbsp;<\/p>\n<hr \/>\n<p>I libri del corso possono essere acquistati online o presso la libreria <a href=\"https:\/\/www.internationalbooks.ie\/\">International Books<\/a>, 18 South Frederick St, D2 (uno sconto del 10% \u00e8 riservato ai nostri studenti).<\/p>\n<p>Per gli acquisti online sul sito di <a href=\"https:\/\/www.internationalbooks.ie\/\">International Books<\/a> il codice sconto da utilizzare \u00e8: <strong>iicdub2526<\/strong><\/p>\n<hr \/>\n<p><strong>COSTO DEL CORSO E ISCRIZIONI<\/strong><\/p>\n<p>Nuovi partecipanti: <strong>\u20ac200<\/strong><\/p>\n<p><em>10% di sconto per ex-partecipanti, studenti dell\u2019IIC, studenti a tempo pieno e pensionati<\/em><\/p>\n<p><strong>Le iscrizioni saranno aperte fino al 5 febbraio.<\/strong><\/p>\n<p><a href=\"https:\/\/iicdublino.my.salesforce-sites.com\/\"><span style=\"text-decoration: underline;\"><strong>CLICCA QUI PER ISCRIVERTI<\/strong><\/span><\/a><\/p>\n<p>&nbsp;<\/p>\n<p>Si prega di notare che l\u2019opzione \u201cGuest\u201d \u00e8 riservata agli impiegati di altri istituti culturali ed \u00e8 necessario presentare relativa documentazione<\/p>\n<p>Prima di effettuare il pagamento per il corso, si prega di leggere attentamente le nostre <a href=\"https:\/\/iicdublino.esteri.it\/it\/lingua-e-cultura\/i-corsi-di-lingua\/condizioni-generali-iscrizioni-corsi\/\">Condizioni generali \u2013 Iscrizioni corsi<\/a>.<\/p>\n<p>Per qualsiasi domanda, si prega di scrivere una mail a <strong>classes.iicdublino@esteri.it<\/strong><\/p>\n","protected":false},"excerpt":{"rendered":"Durante il corso di Conversazioni Letterarie all\u2019Istituto Italiano di Cultura di Dublino, la moderatrice Enrica Ferrara (autrice e docente presso il Trinity College Dublin) guider\u00e0 i partecipanti nella lettura e analisi di 4 libri di autori italiani. Nel primo incontro, la moderatrice introdurr\u00e0 il libro e fornir\u00e0 alcune informazioni sul suo autore. In seguito, ogni [&hellip;]","protected":false},"author":3,"featured_media":0,"parent":42,"menu_order":0,"comment_status":"closed","ping_status":"closed","template":"","meta":{"footnotes":""},"class_list":["post-18611","page","type-page","status-publish","hentry"],"_links":{"self":[{"href":"https:\/\/iicdublino.esteri.it\/it\/wp-json\/wp\/v2\/pages\/18611","targetHints":{"allow":["GET"]}}],"collection":[{"href":"https:\/\/iicdublino.esteri.it\/it\/wp-json\/wp\/v2\/pages"}],"about":[{"href":"https:\/\/iicdublino.esteri.it\/it\/wp-json\/wp\/v2\/types\/page"}],"author":[{"embeddable":true,"href":"https:\/\/iicdublino.esteri.it\/it\/wp-json\/wp\/v2\/users\/3"}],"replies":[{"embeddable":true,"href":"https:\/\/iicdublino.esteri.it\/it\/wp-json\/wp\/v2\/comments?post=18611"}],"version-history":[{"count":6,"href":"https:\/\/iicdublino.esteri.it\/it\/wp-json\/wp\/v2\/pages\/18611\/revisions"}],"predecessor-version":[{"id":18671,"href":"https:\/\/iicdublino.esteri.it\/it\/wp-json\/wp\/v2\/pages\/18611\/revisions\/18671"}],"up":[{"embeddable":true,"href":"https:\/\/iicdublino.esteri.it\/it\/wp-json\/wp\/v2\/pages\/42"}],"wp:attachment":[{"href":"https:\/\/iicdublino.esteri.it\/it\/wp-json\/wp\/v2\/media?parent=18611"}],"curies":[{"name":"wp","href":"https:\/\/api.w.org\/{rel}","templated":true}]}}

<p>Durante il corso di<em><strong> Conversazioni Letterarie all’Istituto Italiano di Cultura di Dublino, </strong></em>la<strong> moderatrice Enrica Ferrara </strong>(autrice e docente presso il Trinity College Dublin) guiderà i partecipanti nella lettura e analisi di <strong>4 libri di autori italiani. </strong></p>
<p>Nel primo incontro, la moderatrice introdurrà il libro e fornirà alcune informazioni sul suo autore. In seguito, ogni partecipante avrà la possibilità di leggere ad alta voce alcuni passaggi selezionati. Durante la lettura, la moderatrice evidenzierà e spiegherà aspetti grammaticali del libro preso in esame, la sua struttura linguistica e lessicale. I partecipanti saranno inoltre incoraggiati a fare domande sui punti del libro che hanno trovato più interessanti nella lettura.</p>
<p>Nel secondo incontro, ogni partecipante verrà incoraggiato a discutere del libro e la moderatrice guiderà la conversazione ponendo domande sui personaggi, sullo stile dell&#8217;autore, sulla trama e infine sul significato dell&#8217;intero testo.</p>
<p><span class="titoloRosso">Il corso è strutturato in 8 incontri di due ore ciascuno, per un totale di 16 ore. <strong>Gli incontri saranno dal vivo</strong>, presso i locali dell&#8217;Istituto dalle 18:30 alle 20:30 nelle date specificate. A seguire trovate il programma completo.</span></p>
<p><span class="titoloRosso">Il corso avrà un minimo di 6 e un massimo di 20 studenti. Per potersi iscrivere, è richiesto un livello avanzato della lingua italiana (B2+).<br />
</span></p>
<p>Durante l&#8217;anno, incontri con uno o più scrittori i cui libri sono stati selezionati per il corso saranno organizzati dall&#8217;Istituto Italiano di Cultura.</p>
<hr />
<p>&nbsp;</p>
<p><strong>PROGRAMMA &#8211; PRIMAVERA 2026</strong></p>
<p><em>Tutti gli incontri si svolgeranno dalle 18:30 alle 20:30, nelle date specificate</em></p>
<p>&nbsp;</p>
<p><span style="text-decoration: underline;">Mercoledì 11 e mercoledì 25 febbraio </span></p>
<p><strong>Romana Petri</strong>, <em>La ragazza di Savannah &#8211; </em>Mondadori (2025)</p>
<p>&nbsp;</p>
<p><span style="text-decoration: underline;">Mercoledì 18 marzo e mercoledì 1 aprile </span></p>
<p><strong>Michele Ruol</strong>, <em>Inventario di quel che resta dopo che la foresta brucia &#8211; </em>TerraRossa Edizioni (2024)</p>
<p>&nbsp;</p>
<p><span style="text-decoration: underline;">Mercoledì 22 aprile e mercoledì 6 maggio</span></p>
<p><strong>Donatella Di Pietrantonio</strong>, <em>L&#8217;età fragile &#8211; </em>Einaudi (2023)</p>
<p>&nbsp;</p>
<p><span style="text-decoration: underline;">Mercoledì 20 maggio e mercoledì 10 giugno</span></p>
<p><strong>Emanuela Anechoum</strong>, <em>Tangerinn &#8211; </em>E/O (2024)</p>
<p>&nbsp;</p>
<hr />
<p>I libri del corso possono essere acquistati online o presso la libreria <a href="https://www.internationalbooks.ie/">International Books</a>, 18 South Frederick St, D2 (uno sconto del 10% è riservato ai nostri studenti).</p>
<p>Per gli acquisti online sul sito di <a href="https://www.internationalbooks.ie/">International Books</a> il codice sconto da utilizzare è: <strong>iicdub2526</strong></p>
<hr />
<p><strong>COSTO DEL CORSO E ISCRIZIONI</strong></p>
<p>Nuovi partecipanti: <strong>€200</strong></p>
<p><em>10% di sconto per ex-partecipanti, studenti dell’IIC, studenti a tempo pieno e pensionati</em></p>
<p><strong>Le iscrizioni saranno aperte fino al 5 febbraio.</strong></p>
<p><a href="https://iicdublino.my.salesforce-sites.com/"><span style="text-decoration: underline;"><strong>CLICCA QUI PER ISCRIVERTI</strong></span></a></p>
<p>&nbsp;</p>
<p>Si prega di notare che l’opzione “Guest” è riservata agli impiegati di altri istituti culturali ed è necessario presentare relativa documentazione</p>
<p>Prima di effettuare il pagamento per il corso, si prega di leggere attentamente le nostre <a href="https://iicdublino.esteri.it/it/lingua-e-cultura/i-corsi-di-lingua/condizioni-generali-iscrizioni-corsi/">Condizioni generali – Iscrizioni corsi</a>.</p>
<p>Per qualsiasi domanda, si prega di scrivere una mail a <strong>classes.iicdublino@esteri.it</strong></p>

Durante il corso di Conversazioni Letterarie all’Istituto Italiano di Cultura di Dublino, la moderatrice Enrica Ferrara (autrice e docente presso il Trinity College Dublin) guiderà i partecipanti nella lettura e analisi di 4 libri di autori italiani. Nel primo incontro, la moderatrice introdurrà il libro e fornirà alcune informazioni sul suo autore. In seguito, ogni [&hellip;]
